v(o) = 6*k(o) - 13*y(o). Calculate v(z).
18
Let o(m) = m**3 - 9*m**2 + 7*m + 9. Let j(l) = l**3 - 10*l**2 - 24*l + 8. Let d be j(12). Determine o(d).
1
Suppose -i + 3*p = -6, i = -9*p + 11*p + 4. Let y(z) = z**3 + z**2 + 25. Determine y(i).
25
Let i(g) be the second derivative of g**5/20 + 3*g**4/4 + 5*g**3/3 + 6*g**2 - 15*g - 2. Determine i(-8).
-4
Let d(o) be the second derivative of -1/20*o**5 + 0*o**2 + 1/2*o**3 + 0 - 1/6*o**4 + o. Determine d(-3).
0
Let x(f) = 2*f**2 - 10 - 5*f + 4*f - f**2 - 6*f. Suppose 0 = -4*m + 4*t + 12, -4*t - 47 = -4*m - 7*t. Let g be x(m). Let k(o) = o + 1. Give k(g).
-1
Suppose 400 = 31*o - 23*o. Let q(g) = -49*g - 3*g**2 - 1 + 1 + o*g. Give q(3).
-24
Let r(y) be the first derivative of y**3/3 + 2*y**2 - 3*y - 218. Give r(2).
9
Let a(l) = -l**3 + 8*l**2 + 8*l + 13. Suppose -4*y - 8 = -3*b + 19, -5*b = y - 45. Determine a(b).
4
Suppose -6*h = -13 - 5. Suppose 11 + 7 = -h*y. Let u(m) = 2*m + 3. What is u(y)?
-9
Let y(b) = b**3 - 3*b. Suppose 5*x - 3*l = -15, -3*x - 20 = -13*l + 9*l. What is y(x)?
0
Let m(z) be the third derivative of -26*z**2 + 0 + 1/3*z**3 + 2*z - 1/24*z**4. Let i = -2 - 2. What is m(i)?
6
Let r(t) be the third derivative of 0 + 6*t**2 + 0*t + 1/60*t**5 + 0*t**3 + 1/12*t**4. Give r(2).
8
Suppose -1 = -q + 7. Suppose -6 - q = 2*k. Let t(x) = -x**2 - 8*x - 9. Calculate t(k).
-2
Let x(b) be the second derivative of b**4/12 + 7*b**3/6 - 4*b - 21. Calculate x(-4).
-12
Let c = -124979/60 - -2083. Let o(u) be the third derivative of -c*u**5 - 2/3*u**3 + 0*u**4 + 0 + 1/120*u**6 + 0*u + 7*u**2. What is o(0)?
-4
Suppose -12 = 29*i - 27*i. Suppose 2*b - 6 = c, 2*c + 2*c + 4 = 4*b. Let f(l) = c*l - 3*l - 2 + 1 - 3*l. Give f(i).
11
Let h(c) = -c**2 + 7*c + 7. Let p(v) = 5*v**2 - v - 8. Let j(u) = -u**2 + u - 1. Let q(y) = 4*j(y) + p(y). Let a be q(-6). Calculate h(a).
13
Let p(r) = -7*r - 13. Let h(q) = 23*q + 42. Let z(s) = -3*h(s) - 10*p(s). What is z(12)?
16
Let f = 10081/60 - 168. Let p(b) be the third derivative of 0*b**3 + f*b**5 + 2*b**2 + 0 - 1/8*b**4 + 0*b. What is p(3)?
0
Let b(j) be the first derivative of 2*j**3/3 + 3*j**2/2 - j - 119. What is b(-3)?
8
Suppose 41 = 4*i + 13. Let g(r) = -16 + 4 + 6 + r + i. Give g(3).
4
Let h(z) = -z - 2. Let x be 9/(45/50) + -4. Let b be 1 + (1 - x) + 1. Determine h(b).
1
Let g(t) = 15*t - 103. Let n(h) = -3*h + 19. Let y(p) = -2*g(p) - 11*n(p). Suppose -4*w - 3*r - 41 = 2*r, -5*r - 25 = 0. Give y(w).
-15
Suppose -p = -5*d + 7, p = 8*d - 4*d - 6. Let h(t) be the second derivative of t**3 - t**2/2 - 2*t. What is h(d)?
5
Let x(w) = -10*w**3 + 5*w**2 - 6*w - 6. Let c(m) = 19*m**3 - 9*m**2 + 11*m + 11. Let s = -136 + 142. Let i(z) = s*c(z) + 11*x(z). Give i(-1).
-3
Let c(j) = -29*j**3 - 2*j + 1. Let o be c(1). Let n = -23 - o. Let a be 3*n/(21/(-2)). Let l(x) = -x**2 - 3*x - 2. Calculate l(a).
0
Let b(a) = 7*a + a**2 + 4*a**2 + 24 - 3*a**2 - 14 - 17. Give b(-6).
23
Let t(z) = -2*z**3 + 17*z**2 - 8*z - 7. Let d = -329 + 337. Calculate t(d).
-7
Let w be 4/32*1 + 330/48. Let u(a) = a**2 - 5*a - 10. What is u(w)?
4
Let r(o) = o**2 - 9*o + 4. Let h(f) = 5*f**2 - 46*f + 19. Let n(k) = -2*h(k) + 11*r(k). Let i be n(7). Let z(g) = g - 1. What is z(i)?
5
Suppose -b = -4*u - 5*b + 36, -3*u = b - 17. Let o(i) = -2*i**3 - i**2 + i - 8. Let p(m) = -3*m**3 + 2*m - 9. Let f(g) = 4*o(g) - 3*p(g). What is f(u)?
-13
Let g(b) = 15*b**2 - 1. Let r(w) = w**2 + 2*w - 2. Let x(m) be the third derivative of -m**4/24 + m**3/2 - 3*m**2. Let s be x(6). Let u be r(s). What is g(u)?
14
Let g(v) = -v**2 - 2*v + 2. Suppose 3*l - 3 = 2*l. Suppose -l*s + 24 = 360. Let p be 10/65 - s/(-52). Calculate g(p).
2
Let r(l) be the third derivative of 1/3*l**3 + 0*l + 0 + 5/24*l**4 - 11*l**2. What is r(2)?
12
Let o(j) = -j**3 - 8*j**2 + 9*j. Let n be o(-9). Let h(a) = -a + 7. Calculate h(n).
7
Let j be (-11 - (-15)/5)*26/(-8). Let l = j - 30. Let n(r) = 2*r + 2. Calculate n(l).
-6
Let t(q) be the third derivative of -1/60*q**5 + 0*q - 13*q**2 + 1/12*q**4 + 5/6*q**3 + 0. What is t(4)?
-3
Let l(q) = -6*q**3 + 13*q**2 - 14*q + 20. Let a(t) = -7*t**3 + 14*t**2 - 15*t + 21. Let f(h) = 5*a(h) - 6*l(h). Give f(7).
-1
Let t(s) = -s**3 + 6*s**2 - 6*s - 3. Suppose 246*r = 245*r + 3. Calculate t(r).
6
Let j(b) be the second derivative of b**3/6 - b**2/2 - 9*b. What is j(-11)?
-12
Suppose -3 - 9 = -3*s. Suppose -3*t + a - 11 - 3 = 0, 40 = -s*t - 4*a. Let o(y) = -3*y - 9. Give o(t).
9
Let d(c) be the third derivative of c**5/10 + c**4/24 - c**3/6 + 2*c**2 - 18. Determine d(-1).
4
Let v(f) = -5*f - 28. Let h be v(-7). Let r(x) = -2*x - 4*x - 2 + h*x + 2*x. What is r(-3)?
-11
Let c(h) be the third derivative of 1/12*h**6 + 0*h**5 + 0*h**3 - 7*h**2 + 0*h**4 + 0 + 0*h. Calculate c(-1).
-10
Let o(a) be the third derivative of 0*a + 0 - 1/6*a**3 + 13/60*a**5 - 1/24*a**4 - 18*a**2. What is o(-1)?
13
Let r(n) = 11*n**3 - 34*n**2 - 14*n. Let q(g) = -4*g**3 + 12*g**2 + 5*g. Let v(m) = 17*q(m) + 6*r(m). What is v(-1)?
1
Let h(s) = 13*s**3 + 6*s**2 - 5*s + 4. Let u(z) = -38*z**3 - 17*z**2 + 14*z - 11. Let n(x) = 11*h(x) + 4*u(x). Suppose -23 = -14*w - 9. Give n(w).
-10
Let n(z) = -7*z + 4. Let b = 705 - 708. Give n(b).
25
Let v(y) = -148*y + 1. Suppose 0 = 2*u - 0*u + 2. Let x be v(u). Let o(c) = 6*c - 150 + x - c**3 - 3*c**2 - 3*c. Determine o(-4).
3
Let p(u) = -29*u**2 - 10 - 32*u**2 + 3*u + 60*u**2. Determine p(8).
-50
Let j(u) = 5*u**3 - 13*u**2 - 58. Let w(h) = -h**3 + 3*h**2 + 14. Let r(i) = 2*j(i) + 9*w(i). Calculate r(0).
10
Suppose 0 = -3*y + 2*d + 28, -2*y + y + 2 = 3*d. Let j(l) = 0*l**2 + l**3 + 2 + 9*l - 9*l**2 - 2*l. Determine j(y).
-6
Let b be -2 + -2 + (1 - -3). Let x(l) = -1 + l**3 + b + 76*l - 81*l + 3*l**2. What is x(-4)?
3
Let d(y) = -6 + 13*y + 2*y + 3 - 12*y - 4*y. Give d(-9).
6
Let y(l) = 2*l**3 + 3*l**2 - 2*l + 1. Let b = 35 + -38. Calculate y(b).
-20
Let g(r) = 2*r. Suppose -10 = 4*t + t + 4*p, 4 = -3*t - 2*p. Let c(q) = t + 2 + 0 + 5 - q. Let v be c(5). Calculate g(v).
8
Suppose -4*h + 46 = -5*j, 49*j - 3*h - 33 = 52*j. Let n(m) = -2*m + 0*m + 9 + 3*m. Calculate n(j).
-1
Let q = -280 - -273. Let c(r) = r**3 + 8*r**2 + 10*r + 14. Calculate c(q).
-7
Suppose -2*r = -4 - 0, 5*r - 8 = n. Let o(x) = 16 + 6*x - x**n - 30 + 20. What is o(6)?
6
Suppose -5 = -6*k + 25. Let h(s) = -3 - 2*s + 17*s - k*s - 8*s. Give h(-3).
-9
Let d be (-2)/(3*(-2)/(-9)). Let c(r) = r**2 + 3*r + 4. Let g be c(d). Let i(n) = -g*n + 0*n - 1 - 1 - 5. Calculate i(-5).
13
Suppose -6*c = -2*c + 4*m - 8, -2*c - 5*m - 2 = 0. Suppose c*h + 0*f + 10 = 2*f, -10 = -4*h - 2*f. Let i(k) = k**2 + 15. Calculate i(h).
15
Suppose 2*z - 70 = -18. Let b = z + -25. Let m(f) = 8*f**3 - f**2 + 1. Calculate m(b).
8
Let b(r) = r - 8. Let h(w) = -2*w + 29. Let k be h(9). Suppose -23 = -k*g + 32. Determine b(g).
-3
Suppose 0 = -3*j - 17*j - 100. Let o(v) = -v**2 - 6*v + 2. Calculate o(j).
7
Let f(h) = -5*h**3 - 41*h**2 - 33*h - 18. Let t(y) = 3*y**3 + 27*y**2 + 22*y + 12. Let n(z) = 5*f(z) + 8*t(z). Give n(12).
-6
Let t(h) = 7*h**2 - h. Let u be 3/2 + 2/(-4). What is t(u)?
6
Let i(z) = 4*z - 3. Let a(b) = -7*b + 7. Let p(m) = -3*a(m) - 5*i(m). Let u be 1 - 5 - -2 - -9. What is p(u)?
1
Suppose 91 = -9*y + 55. Let s(l) = -l**3 - 2*l**2 + 4*l - 5. What is s(y)?
11
Let h be 2/11 - (-1455)/165. Let t(n) be the second derivative of n**5/20 - 5*n**4/6 + 3*n**3/2 + 5*n**2 + 2*n. Give t(h).
10
Let l(d) = d**2 - 19*d + 14. Let p be l(19). Suppose 3*n - 26 + p = 0. Let u(r) = 3*r**2 + 16*r - 17*r - n*r**3 + r**3. Give u(2).
-14
Let f(j) be the second derivative of -j**4/12 - j**3/2 - 3*j. Let o be f(-3). Let c(r) = 5 + o*r - 2 - 2*r + 2. Give c(5).
-5
Let k(w) = -6*w**3 - 7*w**2 + 7*w - 16. Let o(j) = -j**3 - 2*j**2 - 3. Let x(t) = k(t) - 5*o(t). Calculate x(5).
-16
Let b(z) = z**2 - 23 + 4*z + 23 - 3*z - 10*z**2. What is b(-1)?
-10
Let v(u) = -u**2 + u - 1. Let b = -671 - -674. Determine v(b).
-7
Let s(d) = -d**2 + 5*d + 7. Let g be s(6). Let w(i) be the second derivative of -3*i**5/20 - i**4/6 + i**3/6 - 154*i. Give w(g).
-4
Let j(a) = -a**3 - a**2 + a - 7. Let o be j(0). Let p be o/5 + (-4)/(-10). Let k(c) be the second derivative of 5*c**3/6 + 3*c. Determine k(p).
-5
Let t(w) = -2*w**2 + 4*w**2 - 3*w**2 - 4 - 3*w. Let y = 111 - 55. Suppose 2*a = y - 64. Calculate t(a)